u + 6*u = -25004. Let k be (2/5)/(4*5/y). Calculate the highest common factor of k and 25.
25
Let p = 17972 - 8162. Calculate the highest common factor of p and 90.
90
Let g = 11711 - 9711. What is the greatest common divisor of g and 60?
20
Let y be (226/(-8))/((-63)/(-84)*(-2)/96). Calculate the highest common divisor of y and 32.
16
Suppose -175*t + 1392 = -176*t. Let j = t + 2480. What is the greatest common factor of 34 and j?
34
Let i(t) = -2*t**3 + 14*t**2 - 9*t - 14. Let h be i(6). Suppose -h*g - 3*g = -3829. Let v = g - 343. What is the highest common divisor of v and 12?
12
Let g(y) = -7*y**2 + 119*y - 186. Let h be g(15). What is the highest common divisor of 14316 and h?
12
Suppose 57*f - 24 = 53*f. Let w = 61 - 52. Suppose -140 = -5*y - 2*x, 3*y - 114 = 3*x - w. Calculate the highest common divisor of y and f.
6
Suppose 5*j + 20 = j, -o + 54 = -2*j. Suppose -39*n - 1480 = -o*n. What is the highest common divisor of n and 8?
8
Let m be (-7 + 4)/(1/(2314/(-3))). Calculate the highest common divisor of 78 and m.
26
Let c(p) = -52*p - 1125. Let k be c(-24). What is the highest common factor of 15375 and k?
123
Suppose 56 = -2*x + 4*x. Suppose 14*b + 460 - 1496 = 0. Let f = b - 32. Calculate the greatest common factor of f and x.
14
Let w = -143 - -310. Let p = w - 75. What is the highest common factor of 23 and p?
23
Let f(s) = s**2 + 23*s - 15. Let d be f(-24). Suppose 10*h - d*h = 12. What is the greatest common factor of h and 8?
4
Let l = -170 - -180. Let x(v) = 11*v - 83. Let c be x(8). Calculate the greatest common divisor of l and c.
5
Let z(g) = 28*g**2 + 70*g + 214. Let t be z(-3). Calculate the greatest common divisor of 80 and t.
16
Let a be (-8)/(-20) - 27344/(-40). Let v = 687 - a. What is the greatest common factor of v and 216?
3
Let f(l) = -3*l + 13. Let c be f(5). Let n be (-21 - -5)*c/8. Let u be 57*2 + n/8*6. What is the highest common divisor of u and 9?
9
Suppose 0 = -5*n + f - 5*f + 44, -3*n + 52 = -4*f. Suppose 0*l = n*l - 360. What is the greatest common divisor of l and 390?
30
Let r = -45805 - -66792. What is the greatest common factor of 31 and r?
31
Suppose -3*l + 180 = 3*v, 0 = 2*l + 31*v - 33*v - 136. Calculate the greatest common factor of l and 560.
16
Let u(l) = l**2 - 26*l - 65. Let b(g) = g**2 + 20*g + 80. Let w be b(-17). Let j be u(w). What is the highest common divisor of 10 and j?
2
Let u be 40/12*18*(-2 - -1). Let k be 22 + u/(-10) + (-3)/1. Calculate the highest common factor of k and 75.
25
Suppose -10*w - 1881 = -2171. Let j = -236 - -62. Let r be ((-10)/4)/(3/j). What is the highest common factor of w and r?
29
Let u be (-298 - -4)/(-7)*(-5)/(-35)*2. Suppose -4*g = g - 60. Calculate the highest common divisor of g and u.
12
Suppose o = 6*o. Suppose -6*z + 31 - 1 = o. Let d be 0/(6/1) - -2. What is the greatest common divisor of z and d?
1
Let p = -392 - -426. Suppose 0 = -153*x + 149*x + 1088. What is the highest common factor of p and x?
34
Let m(g) = 0*g + g + 0 - 2 - 3*g**3 - 2*g**2. Let o be m(-2). Suppose 253*r = 264*r - 132. What is the highest common divisor of o and r?
12
Suppose -1697 = -8*n + 1455. Let z be (n + 2)/9 - 8. Calculate the greatest common divisor of 2124 and z.
36
Suppose 354 + 126 = 30*d. Suppose -4122 + 122 = -d*i. What is the greatest common factor of 10 and i?
10
Let k = 68 + -418. Let g = 401 + k. Calculate the highest common factor of g and 17.
17
Suppose 0 = 7*l - 4 - 73. Let s = -686 + 741. What is the highest common factor of s and l?
11
Let s = -10 + 15. Suppose s*i - 143 = -3. Suppose 150 = 52*v - 58. Calculate the greatest common divisor of v and i.
4
Let v = 423 + -225. Let d = v + -147. What is the greatest common factor of d and 17?
17
Let l(n) = 162*n**2 - 20*n - 72. Let s be l(-6). Calculate the highest common factor of 30 and s.
30
Let f = 10095 - 9994. Suppose 2*i - 5 = -3*i. Calculate the greatest common divisor of i and f.
1
Let t(p) = 210*p + 1341. Let k be t(3). Calculate the greatest common factor of 54 and k.
27
Let x be 5/((-5)/14) + -1. Let j(t) = -t**3 - 16*t**2 - 14*t + 13. Let d be j(x). Let p be d/((-2)/6 - 0). Calculate the greatest common divisor of 48 and p.
6
Let j(n) = 13*n**3 - 18*n**2 + 24*n - 23. Let b be j(10). What is the greatest common divisor of b and 49?
49
Let q(c) = 43*c**2 + 450*c - 1337. Let s be q(3). Calculate the greatest common factor of s and 3800.
200
Suppose 4*f - 3*z - 5077 = 0, 255*f = 258*f + z - 3811. Calculate the greatest common divisor of f and 381.
127
Let c(k) = 5*k - 5 + 24 - 6. Let r be c(0). What is the greatest common divisor of 208 and r?
13
Let o be (-6)/(2 + -3) + -3. Suppose -o*s = -5*s + c + 10, 4*c - 2 = 2*s. What is the highest common divisor of s and 21?
7
Suppose 0 = 3*k - 5*j - 14600, 2*k + j = 3519 + 6249. What is the highest common divisor of k and 48?
16
Suppose 0 = -19*v + 296 + 27. Suppose -v*k - 2128 = -31*k. Calculate the highest common factor of k and 19.
19
Let c = 163 - 115. Calculate the greatest common divisor of 144 and c.
48
Suppose -2*n = -2*q + 254, -n - 508 = -5*q + 95. Let f(h) = 3*h**3 - 2*h**2 - 4*h. Let s be f(3). Calculate the highest common factor of s and q.
17
Suppose f = -4*f - 5*r + 35, 3*r = 0. Suppose -g = -31 - 95. Let i = 133 - g. What is the highest common factor of i and f?
7
Suppose -1132 = 959*s - 962*s + 5*z, z = -3*s + 1102. Calculate the highest common divisor of s and 2829.
123
Let m(r) = r**2 + 5*r - 28. Let p be m(-9). Suppose p*o = 109 + 43. Let a = o - 14. What is the highest common factor of 15 and a?
5
Suppose 0 = -z + 3*j + 978, -12*z + 9*z + 2906 = -5*j. Calculate the highest common divisor of 66 and z.
33
Suppose -882*r + 912*r = 2520. Calculate the highest common divisor of r and 161.
7
Let m be (16/(-56) - (-1020)/42)*4. Calculate the highest common divisor of 1776 and m.
48
Suppose 2*n - 2*t - 2063 = 31, -3*t = 3*n - 3183. Calculate the highest common divisor of 434 and n.
62
Let g(s) = 50*s - 176. Let r be g(4). Let k = 10 + -2. What is the highest common divisor of r and k?
8
Let y = -306 - -289. Let o(q) = q**3 + 16*q**2 - 14*q + 65. Let n be o(y). What is the highest common factor of n and 14?
14
Suppose 0 = 16*k + 19*k + 2*k - 10434. What is the greatest common factor of 9 and k?
3
Let m(i) = -i**3 + 19*i + 20. Let f be m(-4). Let z = -288 + 305. What is the highest common factor of z and f?
1
Let v(h) = -h**3 + 18*h**2 + 39*h - 362. Let z be v(19). Calculate the greatest common factor of z and 11358.
18
Let j = 213 + -393. Let w be (5/(-15))/(3/j). What is the highest common factor of w and 380?
20
Suppose 12 = k - i, 3*k + i = 108 - 84. What is the highest common divisor of 4689 and k?
9
Suppose -11*b + 35*b - 117 = 531. Calculate the highest common factor of b and 207.
9
Suppose 2*x - j = 6784, j = 3*x - 5962 - 4214. Calculate the highest common divisor of 53 and x.
53
Let q = -3574 + 3598. What is the greatest common divisor of q and 564?
12
Suppose -12*j - 2 = -14*j, 2*l - 329 = -j. Calculate the highest common factor of l and 41.
41
Suppose 51*f = 7489 + 263. What is the highest common factor of 376 and f?
8
Suppose 8*m = -2*m + 50. Suppose -q = -3*c + 49, m*c + 2*q = -0*q + 100. What is the greatest common factor of c and 63?
9
Let m = 6 - -122. Suppose -2*c + 3*t + 128 = 0, 0*c = -2*c + 5*t + m. Calculate the greatest common factor of 40 and c.
8
Let n(l) = -2*l**2 - 86*l - 147. Let v be n(-39). Calculate the highest common factor of 297 and v.
33
Let y(l) = -l**2 + 9*l + 3. Let x be y(5). Let c be -2 + (234/(-91))/(3/(-105)). Let d be (-9 + 7)/(2/(-4)) + c. What is the highest common divisor of x and d?
23
Let a be (12/(-5) - (-2)/5)/(-1). Let g(n) = 3*n**3 - 2*n**2 - 9*n + 13. Let q be g(a). Calculate the greatest common divisor of q and 660.
11
Let n be -429 + 4/((-18)/9). Let o = -398 - n. What is the greatest common factor of o and 3?
3
Let w be 8 - (8 - (947 + -1))/2. Calculate the greatest common divisor of 162 and w.
9
Let m(q) = 21*q + 3297. Let s be m(32). What is the greatest common divisor of 243 and s?
81
Let n be 13*(0 + (-1 - -2)). Suppose -1268*f = -1276*f + 520. What is the highest common factor of f and n?
13
Suppose -u = -a + 2*u + 36, -2*a - 2*u + 88 = 0. Let k(t) = 493*t - 2884. Let q be k(7). What is t